{"id":102,"date":"2015-07-21T09:41:42","date_gmt":"2015-07-21T09:41:42","guid":{"rendered":"http:\/\/demo.themegrill.com\/himalayas\/?page_id=102"},"modified":"2025-08-19T09:44:51","modified_gmt":"2025-08-19T08:44:51","slug":"pellentesque","status":"publish","type":"page","link":"https:\/\/www.yves.hr\/index.php\/pellentesque\/","title":{"rendered":"Mesoestetic"},"content":{"rendered":"\n<p>Peptidna terapija uz vrhunsku Mesoestetic kozmetiku!<\/p>\n\n\n\n<p>Peptidi su male \u010darolije u svijetu njege ko\u017ee \u2013 poti\u010du prirodnu regeneraciju, stimuliraju proizvodnju kolagena i vidljivo pobolj\u0161avaju tonus i teksturu ko\u017ee.<\/p>\n\n\n\n<p>U kombinaciji s profesionalnim Mesoestetic proizvodima, ovaj tretman:<br>\u2022 smanjuje bore i fine linije<br>\u2022 vra\u0107a ko\u017ei sjaj i elasti\u010dnost<br>\u2022 dubinski hidratizira i hrani<\/p>\n\n\n\n<p>Idealno za sve koji \u017eele osvje\u017eenu, zategnutu i zdravu ko\u017eu bez agresivnih metoda.<\/p>\n\n\n\n<p><\/p>\n","protected":false},"excerpt":{"rendered":"<p>Peptidna terapija uz vrhunsku Mesoestetic kozmetiku<\/p>\n","protected":false},"author":1,"featured_media":682,"parent":0,"menu_order":0,"comment_status":"closed","ping_status":"open","template":"page-templates\/template-portfolio.php","meta":{"footnotes":""},"class_list":["post-102","page","type-page","status-publish","has-post-thumbnail","hentry"],"_links":{"self":[{"href":"https:\/\/www.yves.hr\/index.php\/wp-json\/wp\/v2\/pages\/102","targetHints":{"allow":["GET"]}}],"collection":[{"href":"https:\/\/www.yves.hr\/index.php\/wp-json\/wp\/v2\/pages"}],"about":[{"href":"https:\/\/www.yves.hr\/index.php\/wp-json\/wp\/v2\/types\/page"}],"author":[{"embeddable":true,"href":"https:\/\/www.yves.hr\/index.php\/wp-json\/wp\/v2\/users\/1"}],"replies":[{"embeddable":true,"href":"https:\/\/www.yves.hr\/index.php\/wp-json\/wp\/v2\/comments?post=102"}],"version-history":[{"count":10,"href":"https:\/\/www.yves.hr\/index.php\/wp-json\/wp\/v2\/pages\/102\/revisions"}],"predecessor-version":[{"id":683,"href":"https:\/\/www.yves.hr\/index.php\/wp-json\/wp\/v2\/pages\/102\/revisions\/683"}],"wp:featuredmedia":[{"embeddable":true,"href":"https:\/\/www.yves.hr\/index.php\/wp-json\/wp\/v2\/media\/682"}],"wp:attachment":[{"href":"https:\/\/www.yves.hr\/index.php\/wp-json\/wp\/v2\/media?parent=102"}],"curies":[{"name":"wp","href":"https:\/\/api.w.org\/{rel}","templated":true}]}}